it of l(8)?
2
Suppose -4*p + 6*p - 572 = -3*l, -5*p + 1451 = -3*l. What is the units digit of p?
9
Let t be 6 + -8 + (-5)/(-1). Suppose 5*m - t*q = 320, -4*m - 83 + 337 = -2*q. Let a = m - 33. What is the units digit of a?
8
Let p = 103 - -33. Let k = p + -76. Suppose 0 = -4*c + k + 20. What is the tens digit of c?
2
Let a = -42 - -79. Let t = a + -37. Suppose -2*w + t*w = 2*s - 166, 5*s = 2*w + 401. What is the units digit of s?
1
Let g be 18/4 + 18/(-36). Suppose 0 = c + 3 - 0, -5*f + g*c + 37 = 0. Suppose 4*h - 220 = -f*a - h, -5*a = h - 232. What is the tens digit of a?
4
Suppose -j + 3*j + 29 = 3*r, -2*r + 30 = -4*j. What is the units digit of ((150/4)/(-5))/(r/(-126))?
5
Suppose -10028 = -27*a - 19*a. What is the hundreds digit of a?
2
Suppose 4*d + 1 = 5*n - 9, 4*n + 3*d = 8. What is the units digit of (n/(-5))/((-8)/960)?
8
Let a = -1566 - -2291. Suppose 0 = 8*v - 539 - a. What is the tens digit of v?
5
Let g = 1584 - 997. What is the units digit of g?
7
Suppose 0*w = w, 116 = 2*c + 4*w. Let x = -28 + c. Let q = 34 - x. What is the units digit of q?
4
Suppose 56*m = 86*m - 29670. What is the units digit of m?
9
Suppose -9*z + 5734 = -3950. What is the hundreds digit of z?
0
Let x(k) be the third derivative of -k**6/120 - 11*k**5/60 - 3*k**4/8 + 7*k**3/3 + 78*k**2 + 2*k. Let w be 10/(-1) + 0/2. What is the units digit of x(w)?
4
Suppose 5*d + 2026 - 342 = 4*t, -d - 421 = -t. What is the tens digit of t?
2
Suppose -5*j + 0*r + 4*r + 175 = 0, r + 35 = j. Suppose 3*t - j + 2 = 0. What is the units digit of t?
1
Let x(r) = 755*r**3 - 3*r + 2. Let s be x(1). Suppose -3*v + 2*v - 187 = -n, -4*v + n = s. Let l = -121 - v. What is the units digit of l?
8
Let o = 15 + -6. Let x(b) = 2*b**2 - 12*b + 6. Let n be x(9). What is the units digit of n - o/((-18)/(-4))?
8
Let o(x) = -x**3 - 5*x**2 - 6*x - 6. Let w be o(-5). Let g = w - -12. What is the units digit of g?
6
Suppose -2*n + 9*h = 12*h - 191, -5*h - 63 = -n. Let i = 4 - 2. Suppose 0*k - i*k = -n. What is the units digit of k?
4
What is the units digit of (258/(-5))/((-9)/(13 + 122))?
4
Let j(b) = -b + 6. Let f be j(9). What is the units digit of (0 - -19)/(f/(-9))?
7
Suppose 11*z = 7*z - 4*a + 9500, -z = -a - 2365. What is the hundreds digit of z?
3
Let j = -127 - -316. Suppose -5*g - 4*f + 542 = -2*g, g + 3*f - j = 0. What is the units digit of g?
4
Suppose -6*k = -3*k - 834. What is the units digit of k?
8
Suppose 0 = -y + 3*u + 2954, 5*y - 23461 = 4*u - 8691. What is the hundreds digit of y?
9
Let t = -6 + 14. What is the tens digit of -25*(t/(-20) - 0)?
1
Suppose 2*w = 3*d - 1256 - 6967, -4*w = -12. What is the thousands digit of d?
2
Let g = 167 + 9. What is the tens digit of g?
7
What is the hundreds digit of ((6 - 2)/2)/((-6)/(-795))?
2
Let r(n) = -n**3 - 7*n**2 - 4*n - 8. Suppose 0 = -5*l + 47 + 3. Suppose 0 = -5*h + l*h + 35. What is the units digit of r(h)?
0
Let a(w) = w**2 - 3*w - 3. Let o be 2/((-6)/(-9) + 0) - -1. What is the units digit of a(o)?
1
Suppose 2*p = -2*b + 12, -3*p - 15 = -4*b + 2. Let l = 56 + p. What is the tens digit of 1*2 + -13 + l?
4
Let k(r) = 254*r + 84. What is the hundreds digit of k(3)?
8
Let l(f) be the first derivative of 2 + 7/3*f**3 - 1/4*f**4 - 3/2*f**2 - 6*f. What is the tens digit of l(6)?
1
Let d = -1315 + 2005. What is the tens digit of d?
9
Let z(a) = -a**2 - 8*a - 8. Let u be z(-6). Suppose o - 4*t + 167 = u*o, -2*o = -2*t - 116. Suppose -o = 2*b - 5*b. What is the tens digit of b?
1
Let i = 6 - 12. Let u = -470 - -476. Let a = u - i. What is the units digit of a?
2
Let d be (0 + 3 + -2)*16. Let b be (-4)/d + (-45)/(-4). Let q(m) = m**3 - 12*m**2 + 12*m + 6. What is the tens digit of q(b)?
1
Suppose 2*o + 2*o - 8 = 0. Let r = -5 - -11. Suppose r*q = o*q + 140. What is the units digit of q?
5
Let s(z) = -z**3 + 9*z**2 + 2*z + 29. Let m be s(10). Let p = 119 + m. What is the tens digit of p?
6
Suppose 8*j - 410 = 278. Let q = j - -44. What is the units digit of q?
0
What is the tens digit of 0/(-2) - (-8 - (-1 - -1084))?
9
Let t = -93 + 120. Suppose 25*i - t*i = -94. What is the tens digit of i?
4
Let x be 4 + -5 + 2 + 1. Let l be -6*5/(-15) - x. Suppose -5*c + 211 = -3*t, l*c - 5*t = 3*c - 113. What is the tens digit of c?
4
Let i(x) = 2121*x + 7. What is the tens digit of i(2)?
4
Let b be 3/(0 + 6/8). Let k(q) = 5*q - 2. Let f be k(1). Suppose b*l - 5 - f = 0. What is the units digit of l?
2
Suppose -g + 67 = -5*d, 6*d - 2*d + 16 = 0. Suppose -l = h - g, 2*l + l = 0. What is the units digit of h?
7
Suppose -21 + 27 = 2*i. Suppose i*j - 44 = -2*b + 90, -5*b + 36 = j. What is the units digit of j?
6
What is the hundreds digit of (-5)/1*(-96862)/190?
5
Let g(d) be the second derivative of 4*d**3/3 - 8*d**2 - 4*d. What is the tens digit of g(4)?
1
Let o(f) be the first derivative of -f**4/4 - 2*f**3 + 5*f**2/2 - 10*f - 19. What is the units digit of o(-7)?
4
Let z(i) = -5*i + 2. Let k(l) = -4*l + 2. Let b(v) = -3*k(v) + 4*z(v). Let t be b(-5). Suppose 4 = -h + 1, -3*d + 5*h + t = 0. What is the units digit of d?
9
Suppose 4*z = -2*p + 1518, 2*z - 6*p - 779 = -3*p. What is the tens digit of z?
8
Let q = 7 + 401. Let m = -232 + q. What is the units digit of m?
6
Let l be 10/65 + (-126)/(-26). Let h = l + -13. Let j = h + 57. What is the units digit of j?
9
Let d = 141 - -187. What is the hundreds digit of d?
3
Let f(k) = 3*k**3 - 2*k**2 + 13*k. What is the hundreds digit of f(8)?
5
Let j(n) = -n**2 - 33*n + 26. Suppose -46 = g + g. What is the tens digit of j(g)?
5
Let f(t) = t**3 + 3*t**2 + 2*t + 1114. What is the hundreds digit of f(0)?
1
Suppose 58430 = 29*v - 27149. What is the hundreds digit of v?
9
Let h = -5 + -10. Let b = h - -19. What is the units digit of b?
4
Suppose 0 = 5*a - 334 - 1366. What is the tens digit of a?
4
Suppose -20 = -4*q, -4*q - 12357 - 748 = -5*k. What is the hundreds digit of k?
6
Suppose 0 = 28*s - 26*s - 316. Let u = s - 90. What is the units digit of u?
8
Suppose -3*n + 13 = -2*x, 3*x - 3*n + 13 + 5 = 0. What is the units digit of ((-2)/4)/(x/80)?
8
What is the units digit of (-350)/(-28) + 15/6?
5
Let v(b) = 8*b**2 - 2*b + 4*b**2 - 9 + 0*b**3 + b**3. What is the tens digit of v(-12)?
1
Let i(y) = 4*y**2 + 5. Let d be i(-4). Let x = 174 - d. What is the tens digit of x?
0
Let r(v) = -v - 1. Let c be r(2). What is the tens digit of 6/(-2) - -39*c/(-1)?
1
Let t = 268 + -123. What is the tens digit of t?
4
Let a(d) = -d**2 - 11*d + 5. Let b be a(-5). Let y = 63 - b. What is the units digit of y?
8
Let m be 4 - 2 - 4/4. Let t(n) = 4*n**2 + 15*n**2 + 3*n**2 - m. What is the units digit of t(1)?
1
What is the tens digit of (-4)/22 + (131391/99 - 2)?
2
Suppose -2*t + 5*g + 213 = -t, 0 = -2*t - 5*g + 381. Suppose -223 = -5*f - 3*r + t, 3*f + r - 255 = 0. What is the tens digit of f?
8
Suppose 2*o = -z + o + 54, 0 = -3*z - o + 170. Let s = z - 26. Suppose g = 3*j + 19, -4*g - 2*j + s = -72. What is the units digit of g?
5
Let d(p) = p**2 - 12*p + 2. Let z be d(12). Suppose 10 = z*o + 2. Suppose 3*t + 0*t + 143 = o*i, 4*t = -i + 12. What is the units digit of i?
2
Let o = 103 - 23. Suppose 0 = -3*w + 64 + o. What is the units digit of w?
8
Let i = -33 + 38. Suppose -i*k = -3*m - 89, 0*k - 2*m + 42 = 2*k. What is the units digit of k?
9
Let x(f) = 2*f**2 - 6*f - 90. What is the thousands digit of x(26)?
1
Let y be (14/(-21))/(1/6). Let f(w) = -w**3 - 5*w**2 - 6*w. Let v be f(y). Suppose 3*p = 4*c - 25, p + 23 - v = 2*c. What is the tens digit of c?
1
Let g = -10 - -7. Let v be (3 + -45 - g) + -1. What is the tens digit of (-8)/10 - 1192/v?
2
Let m(q) = -q**2 - 7*q + 7. Let o be m(-8). Let k be (o - -15) + (1 - 5). Let w(z) = z**3 - 11*z**2 + 14*z - 2. What is the tens digit of w(k)?
3
Suppose 6931 = 11*m - 2804. What is the hundreds digit of m?
8
Let o = 968 - -1097. What is the units digit of o?
5
Let b = -194 + 1185. What is the hundreds digit of b?
9
Let y be (-2)/(-4)*(4 - -2). Let o be 15/y + -1 - 77. Let w = o - -106. What is the units digit of w?
3
Let z(r) = -16*r**3 - r - 1. Let l be z(-1). Let c = 31 - l. Suppose -4*n + 75 = 4*j + c, 3*j = n + 49. What is the units digit of j?
6
Suppose 5*p + 10*p = 9000. What is the hundreds digit of p?
6
Let g(f) = -f**2 + 17*f - 1. Let j be g(7). Let t = -20 + j. Suppose -t = 